 + i. Calculate the greatest common factor of p and 3.
3
Suppose -4*g + d + 21 = 0, 5*g - 40 = -d + 5*d. Let i(a) = a**3 - a**2 + a + 3. Let s be i(g). Calculate the greatest common factor of s and 11.
11
Suppose 3*s - 2*s = -2*u + 470, 3*u - 702 = -3*s. Let p = u - 117. Calculate the highest common factor of p and 17.
17
Let i = -10 + 10. Let j = 9 + i. What is the greatest common factor of j and 36?
9
Suppose 0 = -3*x + 5*r + 33, -4*x = r - 24 - 20. Let b = -6 + -1. Let d be (-1)/b - (-228)/21. Calculate the greatest common factor of d and x.
11
Let f(x) = x**2 - 5*x - 1. Let y be f(6). What is the greatest common divisor of 25 and y?
5
Suppose 54 = 5*h - 1. Suppose -7*y + 222 = p - 3*y, 5*p - y = 1215. Let j be 0 + 0 + p/2. Calculate the greatest common factor of h and j.
11
Let v = -88 + 101. Let z = -120 + 172. Calculate the highest common divisor of z and v.
13
Suppose 2*t + 50 = 3*t + 5*o, -2*t + 128 = -4*o. What is the greatest common divisor of 150 and t?
30
Suppose -5*q = -1 - 4. Calculate the highest common divisor of q and 11.
1
Let m = 230 - 126. What is the highest common factor of m and 13?
13
Let t(c) = -46*c - 1. Let j = 12 - 7. Let z = j - 6. Let v be t(z). What is the highest common factor of v and 9?
9
Let z(m) be the third derivative of -5*m**4/3 - m**3/6 + 6*m**2. Let y be z(-1). What is the greatest common divisor of 13 and y?
13
Let s be 33/7 - 2/(-7). Suppose s*n - 7 - 3 = 0. What is the highest common divisor of n and 4?
2
Let l be (-3)/(-9) - (-1)/(-3). Suppose -5*f + 2*w + w = -38, l = 5*f + 5*w - 30. Calculate the highest common divisor of 77 and f.
7
Suppose -2*m + 2*w + 3*w = -44, 2*m - 16 = -2*w. Calculate the greatest common divisor of 16 and m.
4
Let l be ((-28)/21)/(2/(-3)). Calculate the greatest common divisor of l and 20.
2
Let h = 44 - 28. Calculate the greatest common divisor of h and 16.
16
Let p = 285 + -170. Suppose -4*l + p = l. Calculate the highest common factor of 161 and l.
23
Let q(h) = 3*h + 3. Suppose 8*o + 40 = 3*o + 3*d, -4*d - 32 = 4*o. Let g be q(o). Let r = g + 37. Calculate the highest common divisor of 80 and r.
16
Suppose -3*m + 9 = -9. Let o(z) = 5*z + 6. Let c be o(m). Calculate the greatest common factor of 12 and c.
12
Suppose -q = 1, y + 3*y - 411 = 3*q. Let d = y + 45. Calculate the greatest common factor of 21 and d.
21
Let n(b) = 11*b**3 + 2*b**2 - 2*b + 1. Let l be n(1). What is the greatest common divisor of l and 192?
12
Suppose 2*u = 3*u - 18. Calculate the greatest common factor of 72 and u.
18
Let h(q) = -q**2 + 6*q - 5. Let v be h(4). Let t be 0/(3/v*-2). Suppose t = d + 2*d - 2*o - 47, 2*d + o = 22. What is the highest common factor of 104 and d?
13
Let t(s) = s + 27. Let r be t(-8). Calculate the greatest common divisor of r and 19.
19
Let w = 6 + 14. Calculate the highest common factor of w and 4.
4
Let u be -2 + 60/25 + (-313)/(-5). What is the highest common divisor of u and 7?
7
Suppose -34 - 8 = -2*d. Calculate the highest common factor of d and 3.
3
Let q be 15*(-1)/(-2 + 1). Suppose q = 3*d - 12. What is the highest common factor of d and 27?
9
Let c(t) be the third derivative of t**5/60 + t**4/8 - t**3 - t**2. Let i be c(-5). Suppose 92 = i*f + 20. Calculate the greatest common factor of f and 2.
2
Let y(a) = a**2 - a + 9. Let s be y(8). Let n(b) = -b**3 + 5*b**2 - 2*b + 2. Let v be n(2). Let r = v + 3. Calculate the highest common divisor of r and s.
13
Let s = -95 - -175. Suppose 0*o = -2*o + s. What is the highest common divisor of o and 5?
5
Suppose -2 = -4*w + 10. Let m be (5 - 2) + w + -4. What is the greatest common factor of 5 and m?
1
Let n = 27 + -15. What is the highest common divisor of 12 and n?
12
Let i(n) = n + 11. Let r(x) = x**2 + 1. Let d be r(2). Suppose 5*l - 10 + 0 = s, 10 = s + d*l. Let t be i(s). Calculate the greatest common divisor of t and 11.
11
Suppose 66 = 5*r + 5*s - 14, -4*r + 39 = -s. What is the greatest common factor of r and 187?
11
Suppose 4*x + x = 5*j + 430, 0 = -4*j + 8. Let s = 5 - -3. What is the highest common factor of x and s?
8
Suppose -2*c + 2 - 4 = 0, f = 2*c + 68. Suppose -3*h - 2*k + f = 0, 0 = -4*h + 4*k + 90 + 18. What is the greatest common factor of 36 and h?
12
Let o(s) = -3*s - 11. Let w be o(-8). What is the highest common factor of w and 104?
13
Let m be 4/18 + (-9)/(324/(-280)). Calculate the highest common divisor of 20 and m.
4
Let g(l) = l**2 - 3*l + 28. Let d be g(0). What is the highest common divisor of d and 308?
28
Let h(d) = -3*d - 1. Let r be h(-3). Calculate the highest common divisor of r and 56.
8
Let u(y) = -y**3 - 5*y**2 - 6*y - 4. Let v be u(-4). Suppose v = 3*r - r, 2*r = 2*h + 4. Suppose -j = -h*j - 5. Calculate the highest common factor of j and 10.
5
Let j be 57/2 + 2/(-4). Calculate the greatest common factor of j and 14.
14
Let j(n) = n**2 - 3*n - 1. Let v be j(-3). What is the highest common factor of 68 and v?
17
Let w be 5/(-2)*4/(-1). What is the greatest common divisor of 80 and w?
10
Suppose 0 = -5*l + 4*s + 53, 39 - 7 = 2*l + 2*s. Calculate the greatest common divisor of l and 143.
13
Let k = 40 + -43. Let n(v) be the first derivative of -2*v**2 - 1. Let f be n(k). What is the greatest common divisor of f and 36?
12
Suppose 3*x - x = 120. Let s(n) = -n**3 - 3*n - 2. Let y be s(-2). What is the highest common divisor of y and x?
12
Let v = 237 + -191. Calculate the highest common factor of 115 and v.
23
Suppose 3 = m - 0*m. Calculate the greatest common factor of 9 and m.
3
Let g = 5 - -1. Suppose 6*k - 2*k - 292 = 0. Suppose o - x = 13, -5*o - 2*x = -3*x - k. Calculate the highest common factor of o and g.
3
Suppose -3*q + 2*q = -68. Suppose 3*y - 4*n = q, 0 = 4*y - 0*y - 4*n - 84. What is the greatest common divisor of 16 and y?
16
Let y(c) = 38*c - 8. Let b be y(-6). Let d be (-4)/(-6) - b/6. Calculate the highest common factor of d and 8.
8
Suppose -2*k = -3*k + 7. Let v be 2/(-12)*2*-231. What is the greatest common factor of v and k?
7
Suppose -5*h + 72 = 4*v - 0*h, 0 = -4*v - 2*h + 60. Calculate the greatest common divisor of 39 and v.
13
Let p = 10 - 8. Suppose p*b + q + 4 - 13 = 0, 3*b - 31 = -5*q. Suppose b*z + z = 99. What is the greatest common divisor of 22 and z?
11
Let h(y) = y**2 + 4*y - 5. Let r be h(-7). What is the highest common divisor of 2 and r?
2
Suppose -4*a + 40 = -p, -3*a + 33 - 3 = 5*p. Suppose a - 4 = u. Suppose -c + 187 = 4*o, o + 4*c - 43 = 3*c. Calculate the highest common divisor of u and o.
6
Let d = -5 - -5. Suppose d = -2*a + 3*a - 4. Suppose -4*s + 0*s = -144. Calculate the greatest common divisor of s and a.
4
Let r(v) = v**3 + 8*v**2 - 8*v + 9. Let c be r(-9). Suppose 5*a + 2 - 47 = c. What is the highest common factor of a and 27?
9
Let b(m) = 4*m**2 - 4 - 5*m + 0 - 3*m**2. Suppose h - 4 = 2. Let o be b(h). Calculate the greatest common divisor of o and 20.
2
Suppose z + z = 5*m - 490, m = 3*z + 111. Calculate the greatest common divisor of 12 and m.
12
Suppose 0*n = 2*n + 4*o - 124, -3*n = 5*o - 185. What is the highest common divisor of 12 and n?
12
Suppose t - 29 = n, -4*n - 31 = -t + 94. Let y(j) = j - 25. Let z be y(14). Let v = z - n. Calculate the highest common factor of v and 3.
3
Let g = -88 + 428. Let j be (-12)/42 - g/(-14). Let w = -4 + 16. What is the highest common divisor of w and j?
12
Suppose -2 = -x, 3*x = -i - 2*x + 13. What is the greatest common factor of 1 and i?
1
Suppose 2 + 1 = -m + x, -2*x = -5*m - 6. Suppose m = -2*t + n + n + 10, 3*n - 5 = -t. Calculate the greatest common divisor of t and 20.
5
Suppose -4*f + 15 = -4*w - 9, 0 = 4*f + w - 14. Suppose -f*k - 16 = -6*k. Calculate the highest common divisor of k and 64.
8
Let x = 14 + -6. Let y = -4 + x. Let b be y/(-18) + (-94)/(-18). What is the highest common factor of b and 1?
1
Let n be 17/3*(-9)/(-3). What is the greatest common divisor of 34 and n?
17
Let w be ((-189)/(-35))/((-6)/(-20)). What is the highest common factor of w and 12?
6
Suppose 6 = -o + 27. Let v = o + -11. Suppose 4*n = -s + 61, 2*s = 4*n + 7*s - 65. Calculate the greatest common divisor of v and n.
5
Let b = -8 - -30. Suppose y - 5*r = 2*y - 35, -5*y + 4*r + 291 = 0. Calculate the greatest common factor of y and b.
11
Let s(c) = c + 10. Let m be s(-5). Let h(t) = t**2 - 4*t + 2. Le